 + 7 = 0. Calculate the remainder when 7 is divided by t.
0
Let i(c) = -c**3 - 6*c**2 - 3*c + 6. Let j(n) = -n**3 + 14*n**2 - 15*n - 13. Calculate the remainder when j(12) is divided by i(-6).
23
Let l = -51 - -76. Suppose -5*q = -2*t + 18, -4*q = t - 2 - 7. Calculate the remainder when l is divided by t.
7
Suppose -5*q + 8*q = 177. Calculate the remainder when q is divided by 10.
9
Suppose 5*a - 190 = 125. Calculate the remainder when a is divided by 16.
15
Let f = 81 + -50. Calculate the remainder when f is divided by 11.
9
Suppose 4*z - 5 = -z. Suppose 5*l - 8 = l. Suppose o = l*o - 1. Calculate the remainder when z is divided by o.
0
Suppose -6 = -3*a + a. Let p be ((-2)/(-5))/(a/330). Suppose 3*j = -j + p. Calculate the remainder when 21 is divided by j.
10
Suppose 6*a - 40 = 56. Calculate the remainder when a is divided by 4.
0
Suppose -4*n = -n - 228. Suppose 0 = -4*l + 4*d + n, -5*l + 112 = -l + 5*d. Calculate the remainder when l is divided by 13.
10
Suppose 0*t = -2*t + 38. What is the remainder when t is divided by 10?
9
Suppose 5*u + 2*w - 1 = 0, 4*u - 11 = -6*w + w. Calculate the remainder when (4*(-2 - 6))/u is divided by 17.
15
Let f = -7 - -16. Suppose 2*k + k = f. Calculate the remainder when 7 is divided by k.
1
Let i be (-15)/(-2)*(-12)/(-18). Suppose -4*n + i*n - 12 = 0. Calculate the remainder when n is divided by 7.
5
Suppose 3*x - 4*r - 73 = 0, -5*x - r + 119 = -5*r. Let w = 546 + -455. Calculate the remainder when w is divided by x.
22
Suppose -5*t + 70 = 3*f, 0 = -4*f + 2*t + 2*t + 40. Calculate the remainder when f is divided by 8.
7
Let p(s) be the second derivative of -5*s**3/6 - s**2/2 + s. What is the remainder when p(-4) is divided by 11?
8
Suppose 3*v = 31 - 10. Calculate the remainder when 13 is divided by v.
6
Suppose 0 = 2*n - 2. Let d(s) = 3*s - 2. Let i be d(2). Suppose -4*z + 8 = i. Calculate the remainder when z is divided by n.
0
Let n(i) = -i + 14. What is the remainder when 53 is divided by n(0)?
11
Suppose -5*z + 0*z + 35 = 0. Suppose 0*k + 4*n = -k + z, -5*k - 1 = 2*n. What is the remainder when 72/15*k*-5 is divided by 13?
11
Suppose -4*h + 1 + 31 = 0. Suppose -5*k + h*k - 27 = 0. Calculate the remainder when k is divided by 2/3 + 21/9.
0
Suppose -a = 4*w - 26, -4*a + 4 = 3*w - 22. Calculate the remainder when 16 is divided by w.
4
Suppose 2*x - 60 = -2*x. Let k = -28 - -34. Calculate the remainder when x is divided by k.
3
Let r = -33 + 44. What is the remainder when r is divided by 4?
3
Let w(o) = -o**3 - 3*o**2 + 27*o - 6. What is the remainder when 2 is divided by w(-7)?
0
Suppose -2*p + 3 = 2*y + p, -y + 3*p = -24. Calculate the remainder when y is divided by 4.
1
Suppose -m + 7 = 1. Let f be 8/5 + m/15. What is the remainder when 56 is divided by (5 - 3)*19/f?
18
Suppose -4*s - 2*l + 10 = 0, 3 = -s - 3*l + 8. Suppose t + s*t = 4*x + 20, 4*t + 3*x - 35 = 0. Calculate the remainder when 14 is divided by t.
6
Let h be (4/6)/((-12)/(-450)). Let c = -15 + h. Calculate the remainder when 29 is divided by c.
9
Let a(z) = 7*z + 4. Calculate the remainder when 85*((-7)/5 - -2) is divided by a(2).
15
Let z(x) = 2*x**2 + 2*x - 2. Let q be z(-3). Suppose -2*v + q = -14. Suppose g - 1 = 4*c + 1, 2*c + 78 = 4*g. What is the remainder when g is divided by v?
10
Let a = 4 + 1. Suppose -m - 11 = -3*m + a*r, 5*r + 20 = 5*m. Calculate the remainder when 10 is divided by m.
1
Let n = 61 - 58. What is the remainder when 4 is divided by n?
1
Let y = -13 - -57. Calculate the remainder when 86 is divided by y.
42
What is the remainder when 86 is divided by 1/((-2)/(-60)*1)?
26
Let n(x) be the first derivative of -x**3/3 + 6*x**2 + 14*x + 2. What is the remainder when 73 is divided by n(11)?
23
Suppose -2*k = 5*d - 23, -4 = 5*k - d - 21. Suppose 4*z + 152 = k*l, -3*l - 3*z = -98 + 2. What is the remainder when l is divided by 12?
11
Let a = -10 - -6. Calculate the remainder when 536/a*(-1)/2 is divided by 23.
21
Let v(u) = -u**3 - 6*u**2 - 6*u + 1. Let l be v(-5). Suppose -4*n = n + 10, 2*p = 3*n + 28. Calculate the remainder when p is divided by l - (2 - -1 - 1).
3
Let d(r) = -r. Let i be d(-3). What is the remainder when 34 is divided by (-138)/(-8) + i/4?
16
Let b(s) be the first derivative of -s**3/3 + 7*s**2/2 + 4*s - 2. Let o be b(7). What is the remainder when (-2)/(-8) - (-87)/o is divided by 8?
6
Suppose -3*x + 77 = -2*v, -2*x + 73 = v + 2*v. What is the remainder when 85 is divided by x?
27
Let y(a) = -a**3 + 4*a**2 - 7. Let q(o) = 2*o - 5. Calculate the remainder when q(4) is divided by y(3).
1
Let o(k) = k**2 + 6*k - 6. Let b(l) = -2*l**2 - 7*l + 6. Let i(g) = -2*b(g) - 3*o(g). Calculate the remainder when 34 is divided by i(6).
16
Let g(m) = -m**3 + 5*m**2 - 3*m + 3. Let l be g(3). Suppose -2*z + 0*o + l = 4*o, -3*z - 3*o + 30 = 0. What is the remainder when z is divided by 5?
4
Let c be 10/(-4)*(-24)/15. Suppose -c*f = f - 40. What is the remainder when f is divided by 5?
3
Suppose 5*f = 253 - 48. Let s(z) = -z**3 - 13*z**2 - 2*z - 4. What is the remainder when f is divided by s(-13)?
19
Suppose 0 = -2*y - 3*y + 55. What is the remainder when 29 is divided by y?
7
Let r(z) = z**3 + 7*z**2 + 4*z. Suppose -b = -2*k - 6, 3*k - 5*b + 2 = -0*b. Let j be r(k). Suppose 3*n + n = j. What is the remainder when 15 is divided by n?
7
Let x(n) = -n**3 - 3*n**2 + 2*n. Calculate the remainder when 12 is divided by x(-4).
4
Suppose -54 = -5*q + 5*b - 6*b, 10 = q + b. Calculate the remainder when 103/5 + 6/15 is divided by q.
10
Calculate the remainder when 26 is divided by (-86)/(-10) - (-66)/165.
8
Suppose 5*n + 17 = 3*c, -4*n - 9 = -2*c - 1. Calculate the remainder when 27 is divided by c.
13
Suppose -5*j + 1328 = -j. Suppose -j + 16 = -4*i. What is the remainder when i is divided by 27?
25
Let f be 1 - ((-7)/1 - -3). Suppose 0 = -m + f*k + 36, 5*m + k - 2*k - 276 = 0. Let p = -39 + m. What is the remainder when p is divided by 10?
7
Let n(h) = -h**2 - 6*h + 7. Let w(o) = 1 + 2 - o**2 + 2*o**2 - o + 0*o. What is the remainder when w(-4) is divided by n(-5)?
11
Let i = 1 + 11. Let v(y) = y + 10. Let s be v(-9). Let q = 34 + s. What is the remainder when q is divided by i?
11
Let d be (2 - 1) + (-1 - -2). Suppose 13 = 3*c - d*c. What is the remainder when 51 is divided by c?
12
What is the remainder when 35 is divided by 21 + (4/(-1) - -2)?
16
Suppose 15*m - 68 = 11*m. Calculate the remainder when 64 is divided by m.
13
Let l(o) = o - 1 + 0 - 3 + 3. Let a = 15 - -2. Calculate the remainder when a is divided by l(7).
5
Let b(i) = i**3 - 2*i**2 + 4*i + 4. What is the remainder when b(4) is divided by 14?
10
Let o(s) = -s**3 - 10*s**2 - 11*s + 9. Calculate the remainder when 52 is divided by o(-9).
25
Let t = 6 - -8. What is the remainder when 25 is divided by t?
11
Let g(w) = 2*w**2 + 12*w - 12. Suppose -121 = -5*o - 4*u, 0 = -2*u - 3 + 1. Calculate the remainder when g(-11) is divided by o.
23
Calculate the remainder when 92/6 - (-5)/(-15) is divided by 9.
6
What is the remainder when ((-8)/(-16))/((-2)/(-248)) is divided by 16?
14
Let i = -7 - -16. Suppose -f + 0*f = -i. What is the remainder when f is divided by 4?
1
Suppose 58*t - 87 = 55*t. What is the remainder when t is divided by 8?
5
Let m(r) = -r**2 + 9*r - 5. Let i be m(8). Suppose -5*n + i = 8. What is the remainder when (1 - -35) + 0 + n is divided by 12?
11
Let q = -17 - -31. What is the remainder when 81 is divided by q?
11
Let y = 0 - -4. Suppose y*b = b + 12. Suppose 4*a = -b*w + 72, -4*a + 19 = -4*w - 61. What is the remainder when 36 is divided by a?
17
Let r(z) = -z - 1. Let f be r(-5). Suppose -5*h + 2*h - 21 = -f*s, 4*h + 14 = 3*s. Calculate the remainder when 13 is divided by (2 - -1)*10/s.
3
Let v = -49 - -61. What is the remainder when 17 is divided by v?
5
Let i = 6 - -3. Let x be -2*((1 - 1) + -1). Suppose 3*l = -4*u + 74, -x*l + 17 = 2*u - 21. What is the remainder when u is divided by i?
8
Suppose -3*h = 6*h - 189. What is the remainder when h is divided by 8?
5
Let t(p) = p**2 + 6*p - 8. Let a be t(-8). Let i = a - -10. What is the remainder when i is divided by 10?
8
Suppose j + 32 = -3*u + 4*u, j + 125 = 4*u. Suppose 54 = -3*i + 3*l, -2*l = -i - 18 + 1. Let r = i + u. What is the remainder when 33 is divided by r?
9
Suppose -4*g + 37 